se 0 = 5*w - 4*w - 9. Suppose -2*y - 4*c + 2*c = -10, 3*c + w = 5*y. Suppose -y*k - 2*k = -320. Calculate the remainder when k is divided by 11.
9
Let h be (3/(-2))/3*12. Let u(s) = s**2 + 2*s. Suppose 5114 = 105*p - 1501. Calculate the remainder when p is divided by u(h).
15
Suppose -i - 18 = -4*i. What is the remainder when 6 - 6 - 40/(3 + -8) is divided by i?
2
Suppose -3*s + s + 100 = 0. Let d be ((-48)/(-40)*30)/(2 - 0). Suppose d*t - 185 = 49. Calculate the remainder when s is divided by t.
11
Let r = 4677 + -4664. What is the remainder when 149 is divided by r?
6
Suppose 0 = 22*m - 13658 + 2262. What is the remainder when 1691 is divided by m?
137
Let d(w) = w**2 + 4*w + 4. Let t be d(-3). Let x be ((-16)/20)/(t/(-75)). Suppose 34*p = 32*p + x. What is the remainder when 119 is divided by p?
29
Let y be (5 + 49/(-14))/(3/8). Let k be -4 + 52/9 + y/18. Suppose k = -p + 27. Calculate the remainder when 122 is divided by p.
22
Let k = 17789 + -17587. Calculate the remainder when 2442 is divided by k.
18
Let w = 166 - 157. Suppose -2*j = -2*v - 4*j + 156, -j = -v + 80. Suppose -3*m - 1 = -v. What is the remainder when m is divided by w?
8
Let b be 3 - -7 - ((-2)/(-1) + -1). Suppose -4*u - 2*z - 45 = -b*u, -4*u - 2*z + 18 = 0. What is the remainder when (-4 - -1)/3 - (-33)/1 is divided by u?
4
Let l = -130 + 143. Suppose l = 2*j - 3*z, -2*j - 5*z + z = -6. Suppose -28 = -4*f + 2*f. What is the remainder when f is divided by j?
4
Let g = 96 + -44. Suppose -46 = -2*k + g. Suppose 3*v = -k + 67. Calculate the remainder when 27 is divided by v.
3
Suppose -210 = -132*w + 125*w. What is the remainder when 749 is divided by w?
29
Let r = 570 - 299. What is the remainder when r is divided by (16/(-6) - 0)*(-6 + (-189)/28)?
33
Let s = -276 + 297. Calculate the remainder when (-5)/(90/(-4)) - 5627/(-153) is divided by s.
16
Let w be (-6)/8 + (-38898)/(-24). Suppose -12*t = -57*t + w. Let u(c) = 4*c - 6. Calculate the remainder when t is divided by u(4).
6
Suppose 402*s - 105561 + 16805 = 37070. What is the remainder when s is divided by 4?
1
Let j be (-2)/5 - 3936/10. Let h = -280 - j. What is the remainder when h is divided by 234/8 + 10/(-40)?
27
Suppose 4*i + 3*h - 263 = 3*i, -2*i + 4*h + 556 = 0. What is the remainder when i is divided by 12?
8
Suppose -f - 4*z + 1414 = 0, 14*z = 3*f + 12*z - 4340. Calculate the remainder when f is divided by 9.
2
Suppose -3*a + 202 - 67 = 0. Suppose -10*y + 15 = -a. Suppose -y*f + 3*f = -255. What is the remainder when f is divided by 29?
27
Let h(a) = 1343*a - 6316. Calculate the remainder when h(5) is divided by 131.
6
Let a = -70 + 57. Let t = 103 - 56. Let p = t + a. Calculate the remainder when p is divided by 12.
10
Let r(h) = 9*h + 48. Let w be r(-5). Calculate the remainder when 52 is divided by (17/2)/(7*w/42).
1
Let j(h) = 6*h**2 - 4*h - 12. Calculate the remainder when j(-2) is divided by ((6 - 2) + -4)/1 + 12.
8
Suppose 4*z - 70 = -6. What is the remainder when ((1 - 9/4) + (-4)/(-8))*-188 is divided by 0 + 2*(2 + z)?
33
Suppose -t + 4*i = -i - 35, 0 = -5*i - 20. Let c(q) = -17*q + 1062. Calculate the remainder when c(59) is divided by t.
14
Let o = 1276 - 718. Suppose -2*v + 67 = 5*n, n = 3*v - 90 + 83. What is the remainder when o is divided by n?
8
Suppose u - 4 = 8. Let p = 352 - 352. Suppose 3*x - 104 = -5*z, p = 5*z - 4*x - 153 + 35. What is the remainder when z is divided by u?
10
Let w(m) = 12*m + 3. Let q(k) = -6*k - 1. Let h(n) = -7*q(n) - 3*w(n). What is the remainder when 138 is divided by h(2)?
8
Let o = 484 - -123. What is the remainder when o is divided by 299?
9
Let c = 27966 - 25255. Calculate the remainder when c is divided by 72.
47
Suppose 0 = -31*k + 50 + 105. What is the remainder when 2/(k/2630*1582 - 3) is divided by 33?
32
Suppose -2*c = -5*t + 4*t + 175, -370 = 4*c + 2*t. Let f be ((-9)/6)/(3*5/c). Suppose 6*m - f = 5*m. Calculate the remainder when 25 is divided by m.
7
Let x = -393 - -413. Calculate the remainder when x/10 + 58/3*3 is divided by 32.
28
Suppose 657*q = 397*q + 44200. Calculate the remainder when 177 is divided by q.
7
Suppose -34*l = -38*l + z + 75, -l - 3*z = -48. Suppose m - 703 + 54 = 0. What is the remainder when m is divided by l?
19
Let n be 1/(-1)*-1 - 17196/(-3). Let a = 52 + -34. What is the remainder when n/65 + ((-4)/10)/2 is divided by a?
16
Let j(c) = -c**3 + c**2 - 13*c + 73. Suppose 0 = r - 15*r. Calculate the remainder when j(r) is divided by 1*25 - (0 - 0).
23
Let x be (-24)/(-9)*(-108)/(-24). Let o(v) = 4*v. Let u be o(-1). Calculate the remainder when 68 is divided by ((-38)/u)/(6/x).
11
Suppose 2*d - 42 = -2*g, -d - 5*g = -0*g - 33. Calculate the remainder when 664 is divided by d.
16
What is the remainder when 596/4 - 2/(18/(-45)) is divided by 38?
2
Let a = 6616 + -6115. What is the remainder when a is divided by 39?
33
Suppose 0 = 9*n - 4*n - 2*q - 484, 0 = -2*n - 7*q + 217. Suppose 3*w - 49 = 3*c + n, 4*c = w - 61. Calculate the remainder when 85 is divided by w.
40
Suppose 0 = 3*q - 2*c + 6*c - 21, -3*q + 3*c = 0. Suppose -q*z = -4*f - 48, 5*f + 21 = 5*z - 59. Let u = 114 + 11. What is the remainder when u is divided by z?
13
Let p(z) = 81*z - 2247. Calculate the remainder when p(100) is divided by 32.
29
Let a(i) = 29*i + 211. Let s be a(-7). What is the remainder when 128 is divided by (s/(-10))/(((-70)/(-425))/(-7))?
26
Let h(t) = -2*t**2 + 56*t + 601. Calculate the remainder when 20472 is divided by h(36).
22
Suppose 4*w - o = w + 62, o = 5*w - 102. Suppose 0 = -4*y - w, 3*y = -0*m - 2*m - 11. Calculate the remainder when 49 is divided by m.
1
Suppose -32 = -9*t + 11*t. Calculate the remainder when (t/(-6))/(-2)*(1 - 46) is divided by 9.
6
Let q = -6 - -10. Suppose -5*p - 31 + 1 = -4*l, 0 = 3*l + 5*p - 5. Calculate the remainder when l + (-12)/8*-2 is divided by q.
0
Suppose -39*m + 5078 = -20760 - 8131. Calculate the remainder when 1745 is divided by m.
3
Let a be 436/3 + -7*3/63. Let d = a - 132. Calculate the remainder when 26 is divided by d.
0
Let o be ((-765)/(-20) + 3)*8. Let a = o - 285. What is the remainder when 164 is divided by a?
29
What is the remainder when 3404 is divided by ((-5)/25)/(119/(-3145)) - (-2)/(-7)?
4
Suppose -337 = -4*t - 5*g + 436, 4*g + 230 = t. Calculate the remainder when 1239 is divided by t.
27
Let j(x) = -x**3 - 4*x**2 + 11*x + 15. Suppose -6*u = -218 + 80. Calculate the remainder when j(-7) is divided by u.
16
Suppose -4*g - 4 = -32. Calculate the remainder when (-9*(-1)/5)/(3903/32525) is divided by g.
1
Let o(d) = -3*d**3 - d**2 - 3*d - 7. What is the remainder when o(-5) is divided by ((-648)/45)/((-2247)/105 - -21)?
34
Let a = -250 - -286. Suppose 0 = -16*k + 12*k + a. Calculate the remainder when 53 is divided by k.
8
Let h(l) = -11*l**2 - l - 2. Let k be h(-1). What is the remainder when k/(-20) + 2976/15 is divided by 29?
25
Let x = 8752 - 8684. What is the remainder when 212 is divided by x?
8
Suppose -28 = -l - i, -4*l + 107 = -24*i + 29*i. Calculate the remainder when l is divided by 4.
1
Let d = -91 + 95. Suppose q = 3*b + 6, 0 = 2*q - b - d - 3. Let u = q + 19. Calculate the remainder when u is divided by 13.
9
Let g = 90 - 61. Let n(b) = 1163*b + 5925. What is the remainder when n(-5) is divided by g?
23
Let i(j) = -9*j + 18. Let p be i(2). Suppose 2*b - 98 = -3*g, -4*g - 112 = -2*b - p*g. Calculate the remainder when b is divided by 18.
16
Let i = -13132 + 13137. Let f = 123 - 86. What is the remainder when f is divided by i?
2
Suppose w + 168 = 2*l, -336 = 2*w - 2*l - 3*l. Let h be w/6 + 1/(-1). Let i = 48 + h. What is the remainder when 73 is divided by i?
16
Suppose -4*j + 2*h = 80, h - 12 = -2*h. Let w(l) = -l**3 - 17*l**2 + 21*l + 59. Calculate the remainder when 12 is divided by w(j).
2
Suppose 0 = -5*k + h + 52 + 84, -5*h + 76 = 2*k. Suppose 0 = 2*v - 4 - k. What is the remainder when (1 + 268/(-8))/(5/(-12)) is divided by v?
14
Let c = -13018 - -13033. What is the remainder when (-600)/(-14) + 3/21 is divided by c?
13
Let b be (4/3)/(32/72). Suppose 4*o - 2*s - 232 = 0, 0 = o + b*s - 2*s - 58. Let t = -11 + o. What is the remainder when t is divided by 8?
7
Suppose 4*s - 680 = 4*x, x + 4*x + 5*s + 830 = 0. Let j be (-14)/3*x/49. Calculate the remainder when j/8 - (-1